t of 71203816?
3
What is the hundred millions digit of 282781803?
2
What is the ten thousands digit of 5073351476?
5
What is the hundreds digit of 676066672?
6
What is the units digit of 58614687?
7
What is the hundreds digit of 398971070?
0
What is the thousands digit of 1197699199?
9
What is the ten thousands digit of 2150637253?
3
What is the millions digit of 24065402?
4
What is the ten millions digit of 634376366?
3
What is the tens digit of 290041160?
6
What is the units digit of 39195709?
9
What is the ten thousands digit of 77474054?
7
What is the ten millions digit of 22948545?
2
What is the millions digit of 2732382227?
2
What is the tens digit of 56994025?
2
What is the tens digit of 129577699?
9
What is the billions digit of 4604410748?
4
What is the units digit of 4396347217?
7
What is the millions digit of 407979729?
7
What is the units digit of 29978269?
9
What is the millions digit of 2806578?
2
What is the hundred thousands digit of 570432778?
4
What is the units digit of 56236696?
6
What is the ten thousands digit of 59535240?
3
What is the hundred thousands digit of 71844350?
8
What is the tens digit of 54873849?
4
What is the hundreds digit of 633522640?
6
What is the ten thousands digit of 3940328233?
2
What is the millions digit of 27691207?
7
What is the ten millions digit of 23481503?
2
What is the tens digit of 7319611785?
8
What is the tens digit of 6598774734?
3
What is the hundreds digit of 1592067953?
9
What is the ten thousands digit of 170621307?
2
What is the tens digit of 85245297?
9
What is the ten thousands digit of 892108280?
0
What is the ten millions digit of 420456351?
2
What is the tens digit of 374161957?
5
What is the millions digit of 300306151?
0
What is the millions digit of 5868625886?
8
What is the billions digit of 2413517627?
2
What is the thousands digit of 642086732?
6
What is the thousands digit of 43295733?
5
What is the millions digit of 109038357?
9
What is the hundred thousands digit of 269263809?
2
What is the hundreds digit of 710271070?
0
What is the tens digit of 188846413?
1
What is the ten thousands digit of 120388113?
8
What is the millions digit of 1272972?
1
What is the millions digit of 108578902?
8
What is the hundred thousands digit of 827161785?
1
What is the hundred millions digit of 3421179135?
4
What is the units digit of 11199594?
4
What is the millions digit of 123938582?
3
What is the hundred millions digit of 5699813961?
6
What is the hundreds digit of 29653813?
8
What is the hundreds digit of 57170038?
0
What is the units digit of 11976571?
1
What is the units digit of 104780211?
1
What is the thousands digit of 1655504055?
4
What is the thousands digit of 592285536?
5
What is the hundred thousands digit of 116964129?
9
What is the units digit of 1548377616?
6
What is the ten thousands digit of 36027494?
2
What is the thousands digit of 10879699?
9
What is the hundred millions digit of 248370760?
2
What is the hundred millions digit of 2252926907?
2
What is the thousands digit of 1396932778?
2
What is the tens digit of 466379334?
3
What is the hundred thousands digit of 4533488923?
4
What is the millions digit of 128868131?
8
What is the units digit of 379047979?
9
What is the hundred thousands digit of 35470276?
4
What is the hundred thousands digit of 1111350425?
3
What is the hundreds digit of 254934878?
8
What is the billions digit of 1598459232?
1
What is the hundred millions digit of 363519314?
3
What is the hundred thousands digit of 66342759?
3
What is the tens digit of 566986212?
1
What is the hundred thousands digit of 2751987458?
9
What is the hundred thousands digit of 14891103?
8
What is the tens digit of 531229896?
9
What is the ten thousands digit of 2570386001?
8
What is the thousands digit of 253330110?
0
What is the thousands digit of 6887837212?
7
What is the units digit of 1523565064?
4
What is the units digit of 45077863?
3
What is the hundreds digit of 91067574?
5
What is the ten thousands digit of 87642390?
4
What is the hundred millions digit of 290541500?
2
What is the ten millions digit of 85395426?
8
What is the ten thousands digit of 336437350?
3
What is the millions digit of 25955328?
5
What is the tens digit of 213629559?
5
What is the units digit of 73198408?
8
What is the ten millions digit of 122783819?
2
What is the hundred millions digit of 412629296?
4
What is the hundreds digit of 107831456?
4
What is the units digit of 55525603?
3
What is the units digit of 75140378?
8
What is the hundreds digit of 21249044?
0
What is the units digit of 90935027?
7
What is the tens digit of 46124015?
1
What is the ten thousands digit of 15985789?
8
What is the thousands digit of 3104517235?
7
What is the ten thousands digit of 904641080?
4
What is the ten millions digit of 91655965?
9
What is the units digit of 4138175837?
7
What is the hundred thousands digit of 8779408?
7
What is the ten thousands digit of 2970141497?
4
What is the millions digit of 897318236?
7
What is the billions digit of 2144202503?
2
What is the hundred thousands digit of 118838704?
8
What is the millions digit of 1268544775?
8
What is the thousands digit of 648959672?
9
What is the hundred thousands digit of 31317296?
3
What is the ten thousands digit of 18991473?
9
What is the ten millions digit of 196240525?
9
What is the tens digit of 110633855?
5
What is the hundred thousands digit of 991970003?
9
What is the hundred thousands digit of 4350919?
3
What is the thousands digit of 53037565?
7
What is the millions digit of 50593493?
0
What is the tens digit of 60973395?
9
What is the thousands digit of 15690977?
0
What is the millions digit of 59858281?
9
What is the billions digit of 8106462529?
8
What is the hundred millions digit of 152662446?
1
What is the ten millions digit of 37010331?
3
What is the hundred millions digit of 536323311?
5
What is the thousands digit of 1555713417?
3
What is the hundred thousands digit of 1879049059?
0
What is the units digit of 1079331806?
6
What is the ten thousands digit of 1557576712?
7
What is the ten thousands digit of 4003766872?
6
What is the units digit of 477957599?
9
What is the thousands digit of 58098413?
8
What is the units digit of 996322472?
2
What is the ten thousands digit of 246485960?
8
What is the hundreds digit of 207532192?
1
What is the ten millions digit of 1419545315?
1
What is the hundreds digit of 118908312?
3
What is the units digit of 66019820?
0
What is the thousands digit of 94976195?
6
What is the hundred thousands digit of 73581326?
5
What is the units digit of 429538638?
8
What is the thousands digit of 103581900?
1
What is the millions digit of 5816084?
5
What is the ten thousands digit of 48839976?
3
What is the units digit of 1819827224?
4
What is the units digit of 41072949?
9
What is the units digit of 792403?
3
What is the tens digit of 92689728?
2
What is the hundred thousands digit of 98992803?
9
What is the units digit of 506145610?
0
What is the millions digit of 836523880?
6
What is the ten thousands digit of 89982258?
8
What is the billions digit of 4008201271?
4
What is the tens digit of 2350628378?
7
What is the ten thousands digit of 16672890?
7
What is the ten millions digit of 450717465?
5
What is the thousands digit of 39866745?
6
What is the hundred thousands digit of 511137550?
1
What is the hundreds digit of 54323151?
1
What is the hundred millions digit of 7721713543?
7
What is the tens digit of 30575651?
5
What is the hundred thousands digit of 1776284206?
2
What is the hundred millions digit of 201066462?
2
What is the units digit of 37160039?
9
What is the tens digit of 964158694?
9
What is the ten thousands digit of 53581677?
8
What is the hundreds digit of 401094392?
3
What is the hundred millions digit of 1358742542?
3
What is the hundred thousands digit of 96524572?
5
What is the units digit of 1098976468?
8
What is the ten millions digit of 658732203?
5
What is the ten thousands digit of 347801204?
0
What is the units digit of 96437645?
5
What is the hundred thousands digit of 3473264110?
2
What is the hundreds digit of 3985831664?
6
What is the units digit of 1722296999?
9
What is the millions digit of 1131418446?
1
What is the hundred thousands digit of 65476967?
4
